[INFO] cloning repository https://github.com/storyfeet/work_tock
[INFO] running `Command { std: "git" "-c" "credential.helper=" "-c" "credential.helper=/workspace/cargo-home/bin/git-credential-null" "clone" "--bare" "https://github.com/storyfeet/work_tock" "/workspace/cache/git-repos/https%3A%2F%2Fgithub.com%2Fstoryfeet%2Fwork_tock", kill_on_drop: false }`
[INFO] [stderr] Cloning into bare repository '/workspace/cache/git-repos/https%3A%2F%2Fgithub.com%2Fstoryfeet%2Fwork_tock'...
[INFO] running `Command { std: "git" "rev-parse" "HEAD", kill_on_drop: false }`
[INFO] [stdout] e1da95204d61873c1f26c1580224b5c9c887fead
[INFO] checking storyfeet/work_tock against try#72f88fc4e9458f89516a0b8b0868f3718aec5b47 for pr-74989
[INFO] running `Command { std: "git" "clone" "/workspace/cache/git-repos/https%3A%2F%2Fgithub.com%2Fstoryfeet%2Fwork_tock" "/workspace/builds/worker-4/source", kill_on_drop: false }`
[INFO] [stderr] Cloning into '/workspace/builds/worker-4/source'...
[INFO] [stderr] done.
[INFO] validating manifest of git repo https://github.com/storyfeet/work_tock on toolchain 72f88fc4e9458f89516a0b8b0868f3718aec5b47
[INFO] running `Command { std: "/workspace/cargo-home/bin/cargo" "+72f88fc4e9458f89516a0b8b0868f3718aec5b47" "read-manifest" "--manifest-path" "Cargo.toml", kill_on_drop: false }`
[INFO] started tweaking git repo https://github.com/storyfeet/work_tock
[INFO] removed path dependency gobble from git repo https://github.com/storyfeet/work_tock
[INFO] finished tweaking git repo https://github.com/storyfeet/work_tock
[INFO] tweaked toml for git repo https://github.com/storyfeet/work_tock written to /workspace/builds/worker-4/source/Cargo.toml
[INFO] crate git repo https://github.com/storyfeet/work_tock already has a lockfile, it will not be regenerated
[INFO] running `Command { std: "/workspace/cargo-home/bin/cargo" "+72f88fc4e9458f89516a0b8b0868f3718aec5b47" "fetch" "--locked" "--manifest-path" "Cargo.toml", kill_on_drop: false }`
[INFO] [stderr] warning: dependency (gobble) specified without providing a local path, Git repository, or version to use. This will be considered an error in future versions
[INFO] [stderr]     Blocking waiting for file lock on package cache
[INFO] [stderr]     Updating crates.io index
[INFO] [stderr] error: the lock file /workspace/builds/worker-4/source/Cargo.lock needs to be updated but --locked was passed to prevent this
[INFO] [stderr] If you want to try to generate the lock file without accessing the network, use the --offline flag.
[INFO] the lockfile is outdated, regenerating it
[INFO] running `Command { std: "/workspace/cargo-home/bin/cargo" "+72f88fc4e9458f89516a0b8b0868f3718aec5b47" "generate-lockfile" "--manifest-path" "Cargo.toml" "-Zno-index-update", kill_on_drop: false }`
[INFO] [stderr]     Blocking waiting for file lock on package cache
[INFO] running `Command { std: "/workspace/cargo-home/bin/cargo" "+72f88fc4e9458f89516a0b8b0868f3718aec5b47" "fetch" "--locked" "--manifest-path" "Cargo.toml", kill_on_drop: false }`
[INFO] [stderr] warning: dependency (gobble) specified without providing a local path, Git repository, or version to use. This will be considered an error in future versions
[INFO] [stderr]     Blocking waiting for file lock on package cache
[INFO] [stderr]     Blocking waiting for file lock on package cache
[INFO] [stderr]  Downloading crates ...
[INFO] [stderr]   Downloaded lazy_conf v0.1.1
[INFO] [stderr]   Downloaded clap_conf v0.1.5
[INFO] [stderr]   Downloaded gobble v0.6.3
[INFO] running `Command { std: "docker" "create" "-v" "/var/lib/crater-agent-workspace/builds/worker-4/target:/opt/rustwide/target:rw,Z" "-v" "/var/lib/crater-agent-workspace/builds/worker-4/source:/opt/rustwide/workdir:ro,Z" "-v" "/var/lib/crater-agent-workspace/cargo-home:/opt/rustwide/cargo-home:ro,Z" "-v" "/var/lib/crater-agent-workspace/rustup-home:/opt/rustwide/rustup-home:ro,Z" "-e" "SOURCE_DIR=/opt/rustwide/workdir" "-e" "CARGO_TARGET_DIR=/opt/rustwide/target" "-e" "CARGO_HOME=/opt/rustwide/cargo-home" "-e" "RUSTUP_HOME=/opt/rustwide/rustup-home" "-w" "/opt/rustwide/workdir" "-m" "1610612736" "--user" "0:0" "--network" "none" "rustops/crates-build-env@sha256:d92eaeed33fa75130ca1ee6c8a01d1ffb62bac859dfdfb3450e3e5d1c0146529" "/opt/rustwide/cargo-home/bin/cargo" "+72f88fc4e9458f89516a0b8b0868f3718aec5b47" "metadata" "--no-deps" "--format-version=1", kill_on_drop: false }`
[INFO] [stdout] 72b7ca1749beb5053575b011eb07645752c04187b9628e0f06ff41e06b4bf008
[INFO] [stderr] WARNING: Your kernel does not support swap limit capabilities or the cgroup is not mounted. Memory limited without swap.
[INFO] running `Command { std: "docker" "start" "-a" "72b7ca1749beb5053575b011eb07645752c04187b9628e0f06ff41e06b4bf008", kill_on_drop: false }`
[INFO] running `Command { std: "docker" "inspect" "72b7ca1749beb5053575b011eb07645752c04187b9628e0f06ff41e06b4bf008", kill_on_drop: false }`
[INFO] running `Command { std: "docker" "rm" "-f" "72b7ca1749beb5053575b011eb07645752c04187b9628e0f06ff41e06b4bf008", kill_on_drop: false }`
[INFO] [stdout] 72b7ca1749beb5053575b011eb07645752c04187b9628e0f06ff41e06b4bf008
[INFO] running `Command { std: "docker" "create" "-v" "/var/lib/crater-agent-workspace/builds/worker-4/target:/opt/rustwide/target:rw,Z" "-v" "/var/lib/crater-agent-workspace/builds/worker-4/source:/opt/rustwide/workdir:ro,Z" "-v" "/var/lib/crater-agent-workspace/cargo-home:/opt/rustwide/cargo-home:ro,Z" "-v" "/var/lib/crater-agent-workspace/rustup-home:/opt/rustwide/rustup-home:ro,Z" "-e" "SOURCE_DIR=/opt/rustwide/workdir" "-e" "CARGO_TARGET_DIR=/opt/rustwide/target" "-e" "CARGO_INCREMENTAL=0" "-e" "RUST_BACKTRACE=full" "-e" "RUSTFLAGS=--cap-lints=forbid" "-e" "CARGO_HOME=/opt/rustwide/cargo-home" "-e" "RUSTUP_HOME=/opt/rustwide/rustup-home" "-w" "/opt/rustwide/workdir" "-m" "1610612736" "--user" "0:0" "--network" "none" "rustops/crates-build-env@sha256:d92eaeed33fa75130ca1ee6c8a01d1ffb62bac859dfdfb3450e3e5d1c0146529" "/opt/rustwide/cargo-home/bin/cargo" "+72f88fc4e9458f89516a0b8b0868f3718aec5b47" "check" "--frozen" "--all" "--all-targets" "--message-format=json", kill_on_drop: false }`
[INFO] [stdout] 36035c7be0c2f199fefd49387f8f1fea9af5ea84daf7a7e486e0a3865e165444
[INFO] [stderr] WARNING: Your kernel does not support swap limit capabilities or the cgroup is not mounted. Memory limited without swap.
[INFO] running `Command { std: "docker" "start" "-a" "36035c7be0c2f199fefd49387f8f1fea9af5ea84daf7a7e486e0a3865e165444", kill_on_drop: false }`
[INFO] [stderr] warning: dependency (gobble) specified without providing a local path, Git repository, or version to use. This will be considered an error in future versions
[INFO] [stderr]    Compiling proc-macro2 v1.0.21
[INFO] [stderr]    Compiling unicode-xid v0.2.1
[INFO] [stderr]    Compiling syn v1.0.41
[INFO] [stderr]    Compiling anyhow v1.0.32
[INFO] [stderr]    Compiling bitflags v1.2.1
[INFO] [stderr]    Compiling serde v1.0.116
[INFO] [stderr]    Compiling failure_derive v0.1.8
[INFO] [stderr]    Compiling syn v0.15.44
[INFO] [stderr]     Checking unicode-width v0.1.8
[INFO] [stderr]     Checking strsim v0.8.0
[INFO] [stderr]     Checking vec_map v0.8.2
[INFO] [stderr]     Checking cfg-if v0.1.10
[INFO] [stderr]     Checking lazy_conf v0.1.1
[INFO] [stderr]    Compiling num-traits v0.2.12
[INFO] [stderr]    Compiling num-integer v0.1.43
[INFO] [stderr]    Compiling num-bigint v0.2.6
[INFO] [stderr]    Compiling num-iter v0.1.41
[INFO] [stderr]    Compiling num-rational v0.2.4
[INFO] [stderr]    Compiling num-complex v0.2.4
[INFO] [stderr]     Checking textwrap v0.11.0
[INFO] [stderr]    Compiling proc-macro2 v0.4.30
[INFO] [stderr]     Checking time v0.1.44
[INFO] [stderr]     Checking backtrace v0.3.50
[INFO] [stderr]     Checking clap v2.33.3
[INFO] [stderr]    Compiling quote v0.6.13
[INFO] [stderr]    Compiling quote v1.0.7
[INFO] [stderr]     Checking chrono v0.4.15
[INFO] [stderr]     Checking num v0.2.1
[INFO] [stderr]    Compiling synstructure v0.12.4
[INFO] [stderr]    Compiling derive_more v0.13.0
[INFO] [stderr]     Checking toml v0.5.6
[INFO] [stderr]    Compiling thiserror-impl v1.0.20
[INFO] [stderr]     Checking failure v0.1.8
[INFO] [stderr]     Checking thiserror v1.0.20
[INFO] [stderr]     Checking gobble v0.6.3
[INFO] [stderr]     Checking clap_conf v0.1.5
[INFO] [stderr]     Checking work_tock v0.2.0 (/opt/rustwide/workdir)
[INFO] [stdout] error[E0412]: cannot find type `ParseError` in crate `gobble`
[INFO] [stdout]   --> src/err.rs:17:22
[INFO] [stdout]    |
[INFO] [stdout] 17 |     ParseErr(gobble::ParseError),
[INFO] [stdout]    |                      ^^^^^^^^^^ not found in `gobble`
[INFO] [stdout]    |
[INFO] [stdout] help: consider importing one of these items
[INFO] [stdout]    |
[INFO] [stdout] 1  | use chrono::ParseError;
[INFO] [stdout]    |
[INFO] [stdout] 1  | use crate::gob::err::fmt::string::ParseError;
[INFO] [stdout]    |
[INFO] [stdout] 1  | use std::string::ParseError;
[INFO] [stdout]    |
[INFO] [stdout] 
[INFO] [stdout] 
[INFO] [stdout] error[E0412]: cannot find type `ParseError` in crate `gobble`
[INFO] [stdout]   --> src/err.rs:52:19
[INFO] [stdout]    |
[INFO] [stdout] 52 | impl From<gobble::ParseError> for TokErr {
[INFO] [stdout]    |                   ^^^^^^^^^^ not found in `gobble`
[INFO] [stdout]    |
[INFO] [stdout] help: consider importing one of these items
[INFO] [stdout]    |
[INFO] [stdout] 1  | use chrono::ParseError;
[INFO] [stdout]    |
[INFO] [stdout] 1  | use crate::gob::err::fmt::string::ParseError;
[INFO] [stdout]    |
[INFO] [stdout] 1  | use std::string::ParseError;
[INFO] [stdout]    |
[INFO] [stdout] 
[INFO] [stdout] 
[INFO] [stdout] error[E0412]: cannot find type `ParseError` in crate `gobble`
[INFO] [stdout]   --> src/err.rs:53:24
[INFO] [stdout]    |
[INFO] [stdout] 53 |     fn from(e: gobble::ParseError) -> Self {
[INFO] [stdout]    |                        ^^^^^^^^^^ not found in `gobble`
[INFO] [stdout]    |
[INFO] [stdout] help: consider importing one of these items
[INFO] [stdout]    |
[INFO] [stdout] 1  | use chrono::ParseError;
[INFO] [stdout]    |
[INFO] [stdout] 1  | use crate::gob::err::fmt::string::ParseError;
[INFO] [stdout]    |
[INFO] [stdout] 1  | use std::string::ParseError;
[INFO] [stdout]    |
[INFO] [stdout] 
[INFO] [stdout] 
[INFO] [stdout] error[E0412]: cannot find type `ParseError` in crate `gobble`
[INFO] [stdout]   --> src/err.rs:17:22
[INFO] [stdout]    |
[INFO] [stdout] 17 |     ParseErr(gobble::ParseError),
[INFO] [stdout]    |                      ^^^^^^^^^^ not found in `gobble`
[INFO] [stdout]    |
[INFO] [stdout] help: consider importing one of these items
[INFO] [stdout]    |
[INFO] [stdout] 1  | use chrono::ParseError;
[INFO] [stdout]    |
[INFO] [stdout] 1  | use crate::gob::err::fmt::string::ParseError;
[INFO] [stdout]    |
[INFO] [stdout] 1  | use std::string::ParseError;
[INFO] [stdout]    |
[INFO] [stdout] 
[INFO] [stdout] 
[INFO] [stdout] error[E0412]: cannot find type `ParseError` in crate `gobble`
[INFO] [stdout]   --> src/err.rs:52:19
[INFO] [stdout]    |
[INFO] [stdout] 52 | impl From<gobble::ParseError> for TokErr {
[INFO] [stdout]    |                   ^^^^^^^^^^ not found in `gobble`
[INFO] [stdout]    |
[INFO] [stdout] help: consider importing one of these items
[INFO] [stdout]    |
[INFO] [stdout] 1  | use chrono::ParseError;
[INFO] [stdout]    |
[INFO] [stdout] 1  | use crate::gob::err::fmt::string::ParseError;
[INFO] [stdout]    |
[INFO] [stdout] 1  | use std::string::ParseError;
[INFO] [stdout]    |
[INFO] [stdout] 
[INFO] [stdout] 
[INFO] [stdout] error[E0412]: cannot find type `ParseError` in crate `gobble`
[INFO] [stdout]   --> src/err.rs:53:24
[INFO] [stdout]    |
[INFO] [stdout] 53 |     fn from(e: gobble::ParseError) -> Self {
[INFO] [stdout]    |                        ^^^^^^^^^^ not found in `gobble`
[INFO] [stdout]    |
[INFO] [stdout] help: consider importing one of these items
[INFO] [stdout]    |
[INFO] [stdout] 1  | use chrono::ParseError;
[INFO] [stdout]    |
[INFO] [stdout] 1  | use crate::gob::err::fmt::string::ParseError;
[INFO] [stdout]    |
[INFO] [stdout] 1  | use std::string::ParseError;
[INFO] [stdout]    |
[INFO] [stdout] 
[INFO] [stdout] 
[INFO] [stdout] warning: use of deprecated function `gobble::repeat_until_ig`: use star_until_ig or plus_until_ig instead
[INFO] [stdout]   --> src/gob.rs:35:5
[INFO] [stdout]    |
[INFO] [stdout] 35 |     repeat_until_ig(
[INFO] [stdout]    |     ^^^^^^^^^^^^^^^
[INFO] [stdout]    |
[INFO] [stdout]    = note: `#[warn(deprecated)]` on by default
[INFO] [stdout] 
[INFO] [stdout] 
[INFO] [stdout] warning: use of deprecated function `gobble::repeat_until_ig`: use star_until_ig or plus_until_ig instead
[INFO] [stdout]   --> src/gob.rs:51:9
[INFO] [stdout]    |
[INFO] [stdout] 51 |         repeat_until_ig(next_(StrVal), next_("]")),
[INFO] [stdout]    |         ^^^^^^^^^^^^^^^
[INFO] [stdout] 
[INFO] [stdout] 
[INFO] [stdout] warning: use of deprecated function `gobble::repeat_until_ig`: use star_until_ig or plus_until_ig instead
[INFO] [stdout]   --> src/gob.rs:35:5
[INFO] [stdout]    |
[INFO] [stdout] 35 |     repeat_until_ig(
[INFO] [stdout]    |     ^^^^^^^^^^^^^^^
[INFO] [stdout]    |
[INFO] [stdout]    = note: `#[warn(deprecated)]` on by default
[INFO] [stdout] 
[INFO] [stdout] 
[INFO] [stdout] warning: use of deprecated function `gobble::repeat_until_ig`: use star_until_ig or plus_until_ig instead
[INFO] [stdout]   --> src/gob.rs:51:9
[INFO] [stdout]    |
[INFO] [stdout] 51 |         repeat_until_ig(next_(StrVal), next_("]")),
[INFO] [stdout]    |         ^^^^^^^^^^^^^^^
[INFO] [stdout] 
[INFO] [stdout] 
[INFO] [stdout] error: aborting due to 3 previous errors; 2 warnings emitted
[INFO] [stdout] 
[INFO] [stdout] 
[INFO] [stdout] For more information about this error, try `rustc --explain E0412`.
[INFO] [stdout] 
[INFO] [stderr] error: could not compile `work_tock`.
[INFO] [stderr] 
[INFO] [stderr] To learn more, run the command again with --verbose.
[INFO] [stderr] warning: build failed, waiting for other jobs to finish...
[INFO] [stdout] error: aborting due to 3 previous errors; 2 warnings emitted
[INFO] [stdout] 
[INFO] [stdout] 
[INFO] [stdout] For more information about this error, try `rustc --explain E0412`.
[INFO] [stdout] 
[INFO] [stderr] error: build failed
[INFO] running `Command { std: "docker" "inspect" "36035c7be0c2f199fefd49387f8f1fea9af5ea84daf7a7e486e0a3865e165444", kill_on_drop: false }`
[INFO] running `Command { std: "docker" "rm" "-f" "36035c7be0c2f199fefd49387f8f1fea9af5ea84daf7a7e486e0a3865e165444", kill_on_drop: false }`
[INFO] [stdout] 36035c7be0c2f199fefd49387f8f1fea9af5ea84daf7a7e486e0a3865e165444
